{"id":465,"date":"2021-01-27T10:06:44","date_gmt":"2021-01-27T09:06:44","guid":{"rendered":"http:\/\/m4conseil.website\/?page_id=465"},"modified":"2021-02-01T21:16:56","modified_gmt":"2021-02-01T20:16:56","slug":"presentation","status":"publish","type":"page","link":"https:\/\/m4conseil.website\/?page_id=465","title":{"rendered":"M4 CONSEIL"},"content":{"rendered":"\t\t<div data-elementor-type=\"wp-page\" data-elementor-id=\"465\" class=\"elementor elementor-465\">\n\t\t\t\t\t\t\t\t\t<section class=\"elementor-section elementor-top-section elementor-element elementor-element-9e8bd03 elementor-section-boxed elementor-section-height-default elementor-section-height-default\" data-id=\"9e8bd03\" data-element_type=\"section\">\n\t\t\t\t\t\t<div class=\"elementor-container elementor-column-gap-default\">\n\t\t\t\t\t<div class=\"elementor-column elementor-col-100 elementor-top-column elementor-element elementor-element-3625356\" data-id=\"3625356\" data-element_type=\"column\">\n\t\t\t<div class=\"elementor-widget-wrap elementor-element-populated\">\n\t\t\t\t\t\t\t\t<div class=\"elementor-element elementor-element-13342d2 elementor-widget elementor-widget-heading\" data-id=\"13342d2\" data-element_type=\"widget\" data-widget_type=\"heading.default\">\n\t\t\t\t<div class=\"elementor-widget-container\">\n\t\t\t<h2 class=\"elementor-heading-title elementor-size-default\">\"Depuis pr\u00e8s de 30 ans M4 Conseil\naccompagne et r\u00e9alise des projets de communication.\"<\/h2>\t\t<\/div>\n\t\t\t\t<\/div>\n\t\t\t\t\t<\/div>\n\t\t<\/div>\n\t\t\t\t\t\t\t<\/div>\n\t\t<\/section>\n\t\t\t\t<section class=\"elementor-section elementor-top-section elementor-element elementor-element-5ceab04b elementor-section-boxed elementor-section-height-default elementor-section-height-default\" data-id=\"5ceab04b\" data-element_type=\"section\">\n\t\t\t\t\t\t\t<div class=\"elementor-background-overlay\"><\/div>\n\t\t\t\t\t\t\t<div class=\"elementor-container elementor-column-gap-default\">\n\t\t\t\t\t<div class=\"elementor-column elementor-col-100 elementor-top-column elementor-element elementor-element-10521764\" data-id=\"10521764\" data-element_type=\"column\">\n\t\t\t<div class=\"elementor-widget-wrap elementor-element-populated\">\n\t\t\t\t\t\t\t\t<div class=\"elementor-element elementor-element-4c80c61e elementor-widget elementor-widget-testimonial\" data-id=\"4c80c61e\" data-element_type=\"widget\" data-widget_type=\"testimonial.default\">\n\t\t\t\t<div class=\"elementor-widget-container\">\n\t\t\t\t\t<div class=\"elementor-testimonial-wrapper\">\n\t\t\t\t\t\t\t<div class=\"elementor-testimonial-content\">La soci\u00e9t\u00e9 M4 Conseil fut cr\u00e9\u00e9e en 1992 par M et Mme Fr\u00e9bourg. C'est en 2006 que H\u00e9l\u00e8ne Gr\u00e9mont, dipl\u00f4m\u00e9e des Industries Graphiques et forte d'une exp\u00e9rience de plus de 15 ans,  reprend la g\u00e9rance de la soci\u00e9t\u00e9. Sp\u00e9cialis\u00e9e dans la conception graphique et l'impression de tous supports, M4 Conseil se distingue par son professionnalisme, son dynamisme et des tarifs attractifs.<br><\/div>\n\t\t\t\n\t\t\t\t\t\t<div class=\"elementor-testimonial-meta elementor-has-image elementor-testimonial-image-position-aside\">\n\t\t\t\t<div class=\"elementor-testimonial-meta-inner\">\n\t\t\t\t\t\t\t\t\t\t\t<div class=\"elementor-testimonial-image\">\n\t\t\t\t\t\t\t<img loading=\"lazy\" decoding=\"async\" width=\"2560\" height=\"2560\" src=\"https:\/\/m4conseil.website\/wp-content\/uploads\/2021\/02\/Photo-Helene-taille-normale-scaled.jpg\" class=\"attachment-full size-full wp-image-833\" alt=\"\" srcset=\"https:\/\/m4conseil.website\/wp-content\/uploads\/2021\/02\/Photo-Helene-taille-normale-scaled.jpg 2560w, https:\/\/m4conseil.website\/wp-content\/uploads\/2021\/02\/Photo-Helene-taille-normale-300x300.jpg 300w, https:\/\/m4conseil.website\/wp-content\/uploads\/2021\/02\/Photo-Helene-taille-normale-1024x1024.jpg 1024w, https:\/\/m4conseil.website\/wp-content\/uploads\/2021\/02\/Photo-Helene-taille-normale-150x150.jpg 150w, https:\/\/m4conseil.website\/wp-content\/uploads\/2021\/02\/Photo-Helene-taille-normale-768x768.jpg 768w, https:\/\/m4conseil.website\/wp-content\/uploads\/2021\/02\/Photo-Helene-taille-normale-1536x1536.jpg 1536w, https:\/\/m4conseil.website\/wp-content\/uploads\/2021\/02\/Photo-Helene-taille-normale-2048x2048.jpg 2048w\" sizes=\"auto, (max-width: 2560px) 100vw, 2560px\" \/>\t\t\t\t\t\t<\/div>\n\t\t\t\t\t\n\t\t\t\t\t\t\t\t\t\t<div class=\"elementor-testimonial-details\">\n\t\t\t\t\t\t\t\t\t\t\t\t\t\t<div class=\"elementor-testimonial-name\">H\u00e9l\u00e8ne GREMONT<\/div>\n\t\t\t\t\t\t\t\t\t\t\t\t\t\t\t\t\t\t\t\t\t\t<div class=\"elementor-testimonial-job\">G\u00e9rante<\/div>\n\t\t\t\t\t\t\t\t\t\t\t\t\t<\/div>\n\t\t\t\t\t\t\t\t\t<\/div>\n\t\t\t<\/div>\n\t\t\t\t\t<\/div>\n\t\t\t\t<\/div>\n\t\t\t\t<\/div>\n\t\t\t\t\t<\/div>\n\t\t<\/div>\n\t\t\t\t\t\t\t<\/div>\n\t\t<\/section>\n\t\t\t\t\t\t\t<\/div>\n\t\t","protected":false},"excerpt":{"rendered":"<p>\u00ab\u00a0Depuis pr\u00e8s de 30 ans M4 Conseil accompagne et r\u00e9alise des projets de communication.\u00a0\u00bb La soci\u00e9t\u00e9 M4 Conseil fut cr\u00e9\u00e9e en 1992 par M et Mme Fr\u00e9bourg. C&rsquo;est en 2006 que H\u00e9l\u00e8ne Gr\u00e9mont, dipl\u00f4m\u00e9e des Industries Graphiques et forte d&rsquo;une exp\u00e9rience de plus de 15 ans, reprend la g\u00e9rance de la soci\u00e9t\u00e9. Sp\u00e9cialis\u00e9e dans la [&hellip;]<\/p>\n","protected":false},"author":1,"featured_media":0,"parent":0,"menu_order":0,"comment_status":"closed","ping_status":"closed","template":"","meta":{"ocean_post_layout":"","ocean_both_sidebars_style":"","ocean_both_sidebars_content_width":0,"ocean_both_sidebars_sidebars_width":0,"ocean_sidebar":"0","ocean_second_sidebar":"0","ocean_disable_margins":"enable","ocean_add_body_class":"","ocean_shortcode_before_top_bar":"","ocean_shortcode_after_top_bar":"","ocean_shortcode_before_header":"","ocean_shortcode_after_header":"","ocean_has_shortcode":"","ocean_shortcode_after_title":"","ocean_shortcode_before_footer_widgets":"","ocean_shortcode_after_footer_widgets":"","ocean_shortcode_before_footer_bottom":"","ocean_shortcode_after_footer_bottom":"","ocean_display_top_bar":"default","ocean_display_header":"default","ocean_header_style":"","ocean_center_header_left_menu":"0","ocean_custom_header_template":"0","ocean_custom_logo":0,"ocean_custom_retina_logo":0,"ocean_custom_logo_max_width":0,"ocean_custom_logo_tablet_max_width":0,"ocean_custom_logo_mobile_max_width":0,"ocean_custom_logo_max_height":0,"ocean_custom_logo_tablet_max_height":0,"ocean_custom_logo_mobile_max_height":0,"ocean_header_custom_menu":"0","ocean_menu_typo_font_family":"0","ocean_menu_typo_font_subset":"","ocean_menu_typo_font_size":0,"ocean_menu_typo_font_size_tablet":0,"ocean_menu_typo_font_size_mobile":0,"ocean_menu_typo_font_size_unit":"px","ocean_menu_typo_font_weight":"","ocean_menu_typo_font_weight_tablet":"","ocean_menu_typo_font_weight_mobile":"","ocean_menu_typo_transform":"","ocean_menu_typo_transform_tablet":"","ocean_menu_typo_transform_mobile":"","ocean_menu_typo_line_height":0,"ocean_menu_typo_line_height_tablet":0,"ocean_menu_typo_line_height_mobile":0,"ocean_menu_typo_line_height_unit":"","ocean_menu_typo_spacing":0,"ocean_menu_typo_spacing_tablet":0,"ocean_menu_typo_spacing_mobile":0,"ocean_menu_typo_spacing_unit":"","ocean_menu_link_color":"","ocean_menu_link_color_hover":"","ocean_menu_link_color_active":"","ocean_menu_link_background":"","ocean_menu_link_hover_background":"","ocean_menu_link_active_background":"","ocean_menu_social_links_bg":"","ocean_menu_social_hover_links_bg":"","ocean_menu_social_links_color":"","ocean_menu_social_hover_links_color":"","ocean_disable_title":"default","ocean_disable_heading":"default","ocean_post_title":"","ocean_post_subheading":"","ocean_post_title_style":"","ocean_post_title_background_color":"","ocean_post_title_background":0,"ocean_post_title_bg_image_position":"","ocean_post_title_bg_image_attachment":"","ocean_post_title_bg_image_repeat":"","ocean_post_title_bg_image_size":"","ocean_post_title_height":0,"ocean_post_title_bg_overlay":0.5,"ocean_post_title_bg_overlay_color":"","ocean_disable_breadcrumbs":"default","ocean_breadcrumbs_color":"","ocean_breadcrumbs_separator_color":"","ocean_breadcrumbs_links_color":"","ocean_breadcrumbs_links_hover_color":"","ocean_display_footer_widgets":"default","ocean_display_footer_bottom":"default","ocean_custom_footer_template":"0","footnotes":""},"class_list":["post-465","page","type-page","status-publish","hentry","entry"],"_links":{"self":[{"href":"https:\/\/m4conseil.website\/index.php?rest_route=\/wp\/v2\/pages\/465","targetHints":{"allow":["GET"]}}],"collection":[{"href":"https:\/\/m4conseil.website\/index.php?rest_route=\/wp\/v2\/pages"}],"about":[{"href":"https:\/\/m4conseil.website\/index.php?rest_route=\/wp\/v2\/types\/page"}],"author":[{"embeddable":true,"href":"https:\/\/m4conseil.website\/index.php?rest_route=\/wp\/v2\/users\/1"}],"replies":[{"embeddable":true,"href":"https:\/\/m4conseil.website\/index.php?rest_route=%2Fwp%2Fv2%2Fcomments&post=465"}],"version-history":[{"count":60,"href":"https:\/\/m4conseil.website\/index.php?rest_route=\/wp\/v2\/pages\/465\/revisions"}],"predecessor-version":[{"id":1002,"href":"https:\/\/m4conseil.website\/index.php?rest_route=\/wp\/v2\/pages\/465\/revisions\/1002"}],"wp:attachment":[{"href":"https:\/\/m4conseil.website\/index.php?rest_route=%2Fwp%2Fv2%2Fmedia&parent=465"}],"curies":[{"name":"wp","href":"https:\/\/api.w.org\/{rel}","templated":true}]}}